it of o?
2
Suppose b = -b + 154. Suppose 5*g = b - 7. What is the tens digit of g?
1
Let x = 26 - -9. What is the units digit of x?
5
Suppose -5*t = b + 4, -2*t + 2*b + 8 = -5*t. Suppose 5*r = -w + 4, w = -r - t*r + 4. Suppose -4*v - p = -24, 2*v + 3*p - 2 = -r*p. What is the units digit of v?
7
Suppose 111 = 5*s + 4*x - 6, 0 = 3*s - 5*x - 85. What is the units digit of s?
5
Let z(q) = q**3 - 2*q + 157. What is the tens digit of z(0)?
5
Let z = -3 - -6. Suppose 0 = -j + z*x + 16, 56 = 4*j + j - 3*x. What is the units digit of j?
0
Suppose 13*s = 3*s + 250. What is the units digit of s?
5
Suppose 2*r - 348 = v - 2*v, 4*r - 706 = 3*v. What is the hundreds digit of r?
1
Let n = 137 + -92. What is the tens digit of n?
4
Let v = -25 + 54. What is the units digit of v?
9
Let r = 6 - 3. Suppose r*u + 15 = 0, t = -3*t + 2*u + 634. What is the units digit of 6/9 - t/(-9)?
8
Let o(b) = 3*b**2 - 2*b + 28. What is the units digit of o(10)?
8
Suppose -13 = -t + 3*c, -c = 3*t + 2*c - 99. What is the tens digit of t?
2
Suppose -d + 116 = w, -3*w + 176 = -4*d + 675. What is the units digit of d?
1
Suppose 5*z + 6 + 4 = 0, -h - 4*z - 6 = 0. Let x be h/10 - (-9)/5. Let y = x - -14. What is the tens digit of y?
1
Let a = 9 + -5. Suppose 2*t - 2*b = 2, a - 9 = -3*t + 2*b. Suppose p = 4*u - 13, -1 = -t*p - 4. What is the units digit of u?
3
Let t be (60/(-9) - -4)*-9. Suppose 5*g = 51 + t. What is the units digit of g?
5
Let s(q) = q**3 - 2*q**2 - 20. What is the units digit of s(7)?
5
Let f(s) = -s - 12. Let q be f(-9). Let c be 3 - (-1)/(-2 - q). Suppose -5*p = -10*p - i + 20, c*i = 0. What is the units digit of p?
4
Let y(f) = -8*f - 33. What is the units digit of y(-6)?
5
Suppose -45 = -q + 2*t, -2*q = -0*q + 5*t - 72. What is the tens digit of q?
4
Let u = -18 - 13. What is the units digit of 0/(-2) - u/1?
1
Let o = 163 - 106. What is the units digit of o?
7
Let s(c) = -c + 2. Let w be s(0). Suppose 5*f + o = -w*o + 55, -f + o + 19 = 0. What is the units digit of f?
4
Let j(w) = -w**2 + 4*w - w**3 - 2*w - 4*w - 17 - 11*w**2. What is the units digit of j(-12)?
7
Let f(s) = -9*s**3. Let n be f(2). What is the tens digit of n/(-3)*3/4?
1
Let w(q) = q**2 - 3*q - 1. Let b be w(3). Let u = b + 3. What is the units digit of -3 - -2 - u*-5?
9
What is the units digit of (-5 + -4)/(-3) - 1?
2
Suppose 3*p - p = 292. What is the tens digit of p?
4
Suppose -3*b + 8*b = 0. Suppose 2*v = -b*v + i, -2*i = -3*v - 2. What is the units digit of 1/v + (-15)/(-6)?
3
Let g(c) = -14*c - 12. What is the units digit of g(-5)?
8
Let g(m) = 7*m + 11. Let f(h) = 10*h + 16. Let b(r) = 5*f(r) - 7*g(r). Let z be b(-4). What is the units digit of z*(-1 + -1) + 3?
5
What is the units digit of 2*18*1/4?
9
Let s(j) be the third derivative of -j**6/120 + j**5/12 + j**4/8 - 4*j**2. What is the tens digit of s(5)?
1
Suppose -k - 99 = -4*k. Let o = -63 + k. What is the units digit of (2/(-4))/(3/o)?
5
Suppose -5*t + t + 3*f - 48 = 0, -t - 19 = f. What is the units digit of (t/(-12))/((-2)/(-8))?
5
Let m be 848/28 + 2/(-7). Suppose -3*d = -m - 51. What is the units digit of (-6)/21 + d/21?
1
Let s(p) = 2*p**2 - 13*p + 10. What is the tens digit of s(8)?
3
What is the units digit of 20 + (-2)/(2/1)?
9
Let f = -69 + 84. What is the units digit of f?
5
Let b = 22 + -18. What is the units digit of b?
4
What is the hundreds digit of (-3 + 8/3)*-615?
2
Let d(n) = n - 6. Let i be d(6). Suppose m + i*m = 8. Suppose -m*l = -3*l - 30. What is the units digit of l?
6
Suppose -32 = -8*z + 7*z. What is the tens digit of z?
3
Let g = 106 + -46. Suppose 0*a = -4*a + g. What is the tens digit of a?
1
Suppose -11 + 0 = r - 4*g, -16 = -4*g. Let y be (-6)/4*(-4)/2. Suppose -n + y = -r. What is the units digit of n?
8
Let u = 108 + 37. What is the units digit of u?
5
Suppose s = -2*s + 102. What is the units digit of s?
4
Let z(r) = 7*r. Let a be z(1). Let d(h) = -5*h**3 + 6*h**2 + 2*h - a*h + 1 + 4*h**3. What is the units digit of d(5)?
1
Let t be (-2 - -1)/((-5)/95). Let h = t + -28. Let b = h - -27. What is the tens digit of b?
1
Let k(h) = -h - 6. Let s be k(-4). Let j(x) = 2*x + 20. Let q be j(-6). Let g = s + q. What is the units digit of g?
6
Suppose 11*l = 13*l - 4. Suppose -5*n = -n - 4. What is the units digit of (19 - l) + (n - 4)?
4
What is the units digit of 127 + (-10)/(-2) + -10?
2
Let q(m) = -m**3 - 12*m**2 - 10*m + 14. Let c be q(-11). Suppose -86 = -c*a - x + 6*x, 0 = -a - x + 18. What is the units digit of a?
2
Let x(v) be the third derivative of v**5/30 + v**4/4 - 4*v**3/3 - 4*v**2. Let y be x(-6). Let w = y + -11. What is the units digit of w?
7
What is the units digit of 3 + 3 + 15 - -4?
5
Let n = -11 + 17. Suppose -32 = 2*w - n*w. What is the units digit of w?
8
Suppose -3*f - f + 24 = 0. Suppose 3*z + f = 5*z. Suppose z*j + 0*j = 33. What is the tens digit of j?
1
Suppose 3*f - 9 - 30 = 0. Suppose -2*c - 8 + 27 = -3*z, 3*c + 24 = -3*z. Let a = z + f. What is the units digit of a?
6
Let r(b) = 17*b**2 + 4*b - 2. What is the units digit of r(1)?
9
Let u(b) = b**3 - 2*b**2 - b + 4. Suppose -6*q + 3*q = -9. Let l be u(q). Suppose p = -0*p + l. What is the units digit of p?
0
Suppose m + 1 + 0 = 0. Let j = 4 + m. What is the units digit of j?
3
Suppose -2*c - 5*m = -3, -3*m = 4*c + 5 - 32. Let w = 22 - c. What is the tens digit of w?
1
What is the units digit of (-30)/135 + 794/9?
8
Let v(k) = 16*k + 1. Suppose 5 = w + 2*i, -4*w - 2*i = 3*i - 11. Let b be v(w). What is the units digit of (-2 - b/6)*4?
2
Suppose 0 = -0*q + q - 16. Suppose -x + q = x. Suppose 0 = -d + 3*t + 6 - 3, -2*d + 5*t = -x. What is the units digit of d?
9
Let k = 9 - 8. Let j be (5 - 3)/(k - 0). What is the units digit of (-1 - 2)/(-3) + j?
3
Let x = -2 + 7. Suppose x*y - n - 21 = 0, 0*y + 4*n - 26 = -2*y. Let i = y - 3. What is the units digit of i?
2
Let x = -63 - -131. What is the units digit of x?
8
Let v(q) = -36*q + 28. What is the tens digit of v(-3)?
3
What is the tens digit of 95 - 13 - (-1 - -2)?
8
Suppose -a + 37 = 3*a - 3*u, 5*u = 5. Let c = a + 4. What is the tens digit of c?
1
Suppose 2*z = -4*t + 18, -3*t + t + 6 = -2*z. What is the units digit of z?
1
Let h(w) = -w**2 - 4*w + 6. Let g be h(-5). Let l = 3 - g. Suppose -1 + l = a. What is the units digit of a?
1
Let x(c) = -3 + 5*c**2 - 2*c**2 - 8*c - 4*c**2. Let b be (-86)/18 - 2/9. What is the units digit of x(b)?
2
Let x be 7 - 3/(-3 + 0). What is the units digit of (-1 - 2) + x*1?
5
Let s be (-5)/15 + 166/3. Suppose 35 + s = 2*d + 2*r, -d - 5*r + 33 = 0. Suppose 4*u - 4*x = d, -u = 4*x - 13 - 19. What is the tens digit of u?
1
Let n be (-1)/2 + (-37)/(-2). Let d(j) = j - 5. Let r be d(-5). Let u = n + r. What is the units digit of u?
8
Let z = 757 + -518. What is the units digit of z?
9
What is the tens digit of 20/6*486/36?
4
Let a(h) = 8*h + 4. Let p(l) = -7*l - 5. Let t(y) = 5*a(y) + 6*p(y). Let n be t(-8). Suppose 0*j - 3*j + n = 0. What is the units digit of j?
2
Let b = 71 - 27. What is the units digit of b?
4
Let m = -84 + 115. What is the tens digit of m?
3
What is the tens digit of (3 + -8 + 1)*-11?
4
Let k = 23 - 63. What is the tens digit of 504/10 - (-16)/k?
5
Let c(x) = -3*x - 20. What is the units digit of c(-8)?
4
Let z(u) = 8*u**2 + 2*u + 1. Let p be z(-1). Let c = 22 - p. Suppose 5*n - c = -o, -4*o + 2 = n - 1. What is the units digit of n?
3
Suppose -4*g = -3*g - 8. Let x = 15 - g. What is the units digit of x?
7
Let d = -3 + 12. What is the units digit of d?
9
Suppose 2*v - 4*h = 8, 5*v - 2*h + 3*h = 42. What is the units digit of v?
8
Let b = 4 + -1. What is the units digit of b?
3
Let n = -6 - -11. Suppose 2*w - n*w = -24. What is the units digit of w?
8
What is the units digit of 5/(20/8)*2?
4
Suppose -30*w = -28*w - 4. Suppose 3*d = -5 - 1. Let r = w - d. What is the units digit of r?
4
Let w = -2 - -1. Let p be 1*((-2 - w) + 1). Let q = 1 + p. What is the units digit of q?
1
Let v be ((-6)/(-6))/((-2)/(-14)). Let b be (-2 - -4)*(0 + -2). Let y = b + v. What is the units digit of y?
3
Let y be -1*(0 + -2) + -4. Let c = 1 - y. What is the units digit of c?
3
Let x = -24 + 71. What is the units digit of x?
7
Suppose 0*q + 4*q + 32 = 0. Let g = q - -15. What is the units digit of g?
7
Let h(p) be the third derivative of 0*p + 0 + 1/3*p